[INFO] fetching crate codegame 0.7.0-alpha.9...
[INFO] checking codegame-0.7.0-alpha.9 against master#af3c6e733a40e671550e0f0f5aeecaa13772ba56 for pr-74989
[INFO] extracting crate codegame 0.7.0-alpha.9 into /workspace/builds/worker-6/source
[INFO] validating manifest of crates.io crate codegame 0.7.0-alpha.9 on toolchain af3c6e733a40e671550e0f0f5aeecaa13772ba56
[INFO] running `Command { std: "/workspace/cargo-home/bin/cargo" "+af3c6e733a40e671550e0f0f5aeecaa13772ba56" "read-manifest" "--manifest-path" "Cargo.toml", kill_on_drop: false }`
[INFO] started tweaking crates.io crate codegame 0.7.0-alpha.9
[INFO] finished tweaking crates.io crate codegame 0.7.0-alpha.9
[INFO] tweaked toml for crates.io crate codegame 0.7.0-alpha.9 written to /workspace/builds/worker-6/source/Cargo.toml
[INFO] running `Command { std: "/workspace/cargo-home/bin/cargo" "+af3c6e733a40e671550e0f0f5aeecaa13772ba56" "generate-lockfile" "--manifest-path" "Cargo.toml" "-Zno-index-update", kill_on_drop: false }`
[INFO] [stderr]     Blocking waiting for file lock on package cache
[INFO] running `Command { std: "/workspace/cargo-home/bin/cargo" "+af3c6e733a40e671550e0f0f5aeecaa13772ba56" "fetch" "--locked" "--manifest-path" "Cargo.toml", kill_on_drop: false }`
[INFO] [stderr]     Blocking waiting for file lock on package cache
[INFO] running `Command { std: "docker" "create" "-v" "/var/lib/crater-agent-workspace/builds/worker-6/target:/opt/rustwide/target:rw,Z" "-v" "/var/lib/crater-agent-workspace/builds/worker-6/source:/opt/rustwide/workdir:ro,Z" "-v" "/var/lib/crater-agent-workspace/cargo-home:/opt/rustwide/cargo-home:ro,Z" "-v" "/var/lib/crater-agent-workspace/rustup-home:/opt/rustwide/rustup-home:ro,Z" "-e" "SOURCE_DIR=/opt/rustwide/workdir" "-e" "CARGO_TARGET_DIR=/opt/rustwide/target" "-e" "CARGO_HOME=/opt/rustwide/cargo-home" "-e" "RUSTUP_HOME=/opt/rustwide/rustup-home" "-w" "/opt/rustwide/workdir" "-m" "1610612736" "--user" "0:0" "--network" "none" "rustops/crates-build-env@sha256:d92eaeed33fa75130ca1ee6c8a01d1ffb62bac859dfdfb3450e3e5d1c0146529" "/opt/rustwide/cargo-home/bin/cargo" "+af3c6e733a40e671550e0f0f5aeecaa13772ba56" "metadata" "--no-deps" "--format-version=1", kill_on_drop: false }`
[INFO] [stderr] WARNING: Your kernel does not support swap limit capabilities or the cgroup is not mounted. Memory limited without swap.
[INFO] [stdout] d01b4a872bc3af3907d6a1ba9e99bff2b0ae4e1a9fc181fc9907e7ed7e261ca9
[INFO] running `Command { std: "docker" "start" "-a" "d01b4a872bc3af3907d6a1ba9e99bff2b0ae4e1a9fc181fc9907e7ed7e261ca9", kill_on_drop: false }`
[INFO] running `Command { std: "docker" "inspect" "d01b4a872bc3af3907d6a1ba9e99bff2b0ae4e1a9fc181fc9907e7ed7e261ca9", kill_on_drop: false }`
[INFO] running `Command { std: "docker" "rm" "-f" "d01b4a872bc3af3907d6a1ba9e99bff2b0ae4e1a9fc181fc9907e7ed7e261ca9", kill_on_drop: false }`
[INFO] [stdout] d01b4a872bc3af3907d6a1ba9e99bff2b0ae4e1a9fc181fc9907e7ed7e261ca9
[INFO] running `Command { std: "docker" "create" "-v" "/var/lib/crater-agent-workspace/builds/worker-6/target:/opt/rustwide/target:rw,Z" "-v" "/var/lib/crater-agent-workspace/builds/worker-6/source:/opt/rustwide/workdir:ro,Z" "-v" "/var/lib/crater-agent-workspace/cargo-home:/opt/rustwide/cargo-home:ro,Z" "-v" "/var/lib/crater-agent-workspace/rustup-home:/opt/rustwide/rustup-home:ro,Z" "-e" "SOURCE_DIR=/opt/rustwide/workdir" "-e" "CARGO_TARGET_DIR=/opt/rustwide/target" "-e" "CARGO_INCREMENTAL=0" "-e" "RUST_BACKTRACE=full" "-e" "RUSTFLAGS=--cap-lints=forbid" "-e" "CARGO_HOME=/opt/rustwide/cargo-home" "-e" "RUSTUP_HOME=/opt/rustwide/rustup-home" "-w" "/opt/rustwide/workdir" "-m" "1610612736" "--user" "0:0" "--network" "none" "rustops/crates-build-env@sha256:d92eaeed33fa75130ca1ee6c8a01d1ffb62bac859dfdfb3450e3e5d1c0146529" "/opt/rustwide/cargo-home/bin/cargo" "+af3c6e733a40e671550e0f0f5aeecaa13772ba56" "check" "--frozen" "--all" "--all-targets" "--message-format=json", kill_on_drop: false }`
[INFO] [stdout] ab31161f49350c585a0a9f0d45b83aebf3de9e0a566128c999f2864baf268439
[INFO] [stderr] WARNING: Your kernel does not support swap limit capabilities or the cgroup is not mounted. Memory limited without swap.
[INFO] running `Command { std: "docker" "start" "-a" "ab31161f49350c585a0a9f0d45b83aebf3de9e0a566128c999f2864baf268439", kill_on_drop: false }`
[INFO] [stderr]     Blocking waiting for file lock on package cache
[INFO] [stderr]    Compiling autocfg v1.0.1
[INFO] [stderr]    Compiling proc-macro2 v1.0.21
[INFO] [stderr]    Compiling unicode-xid v0.2.1
[INFO] [stderr]    Compiling syn v1.0.40
[INFO] [stderr]     Checking cfg-if v0.1.10
[INFO] [stderr]    Compiling byteorder v1.3.4
[INFO] [stderr]    Compiling xml-rs v0.8.3
[INFO] [stderr]    Compiling serde_derive v1.0.116
[INFO] [stderr]    Compiling serde v1.0.116
[INFO] [stderr]    Compiling cc v1.0.59
[INFO] [stderr]    Compiling getrandom v0.1.15
[INFO] [stderr]    Compiling pin-project-internal v0.4.23
[INFO] [stderr]    Compiling version_check v0.9.2
[INFO] [stderr]    Compiling memchr v2.3.3
[INFO] [stderr]     Checking slab v0.4.2
[INFO] [stderr]    Compiling proc-macro-nested v0.1.6
[INFO] [stderr]    Compiling maybe-uninit v2.0.0
[INFO] [stderr]    Compiling proc-macro2 v0.4.30
[INFO] [stderr]    Compiling pkg-config v0.3.18
[INFO] [stderr]     Checking void v1.0.2
[INFO] [stderr]    Compiling unicode-xid v0.1.0
[INFO] [stderr]    Compiling proc-macro-hack v0.5.18
[INFO] [stderr]     Checking scopeguard v1.1.0
[INFO] [stderr]    Compiling ryu v1.0.5
[INFO] [stderr]    Compiling unicode-segmentation v1.6.0
[INFO] [stderr]    Compiling libloading v0.6.3
[INFO] [stderr]     Checking lazycell v1.3.0
[INFO] [stderr]    Compiling once_cell v1.4.1
[INFO] [stderr]    Compiling nix v0.14.1
[INFO] [stderr]    Compiling futures-core v0.3.5
[INFO] [stderr]    Compiling anyhow v1.0.32
[INFO] [stderr]    Compiling futures-sink v0.3.5
[INFO] [stderr]    Compiling serde_json v1.0.57
[INFO] [stderr]    Compiling pin-utils v0.1.0
[INFO] [stderr]    Compiling matches v0.1.8
[INFO] [stderr]    Compiling tinyvec v0.3.4
[INFO] [stderr]    Compiling futures-io v0.3.5
[INFO] [stderr]    Compiling lazy_static v0.2.11
[INFO] [stderr]    Compiling rayon-core v1.8.0
[INFO] [stderr]    Compiling ppv-lite86 v0.2.9
[INFO] [stderr]    Compiling lazy_static v1.4.0
[INFO] [stderr]     Checking percent-encoding v2.1.0
[INFO] [stderr]     Checking downcast-rs v1.2.0
[INFO] [stderr]    Compiling termcolor v1.1.0
[INFO] [stderr]     Checking adler32 v1.2.0
[INFO] [stderr]    Compiling crc32fast v1.2.0
[INFO] [stderr]    Compiling dyn-clone v1.0.2
[INFO] [stderr]     Checking xdg v2.2.0
[INFO] [stderr]     Checking smallvec v1.4.2
[INFO] [stderr]     Checking ansi_term v0.11.0
[INFO] [stderr]     Checking either v1.6.0
[INFO] [stderr]     Checking strsim v0.8.0
[INFO] [stderr]    Compiling typenum v1.12.0
[INFO] [stderr]    Compiling cpal v0.11.0
[INFO] [stderr]     Checking color_quant v1.0.1
[INFO] [stderr]     Checking instant v0.1.6
[INFO] [stderr]     Checking itoa v0.4.6
[INFO] [stderr]     Checking maplit v1.0.2
[INFO] [stderr]     Checking ttf-parser v0.6.2
[INFO] [stderr]     Checking hound v3.4.0
[INFO] [stderr]     Checking linked-hash-map v0.5.3
[INFO] [stderr]     Checking claxon v0.4.3
[INFO] [stderr]     Checking byte-tools v0.3.1
[INFO] [stderr]     Checking rustc-hash v1.1.0
[INFO] [stderr]     Checking ab_glyph_rasterizer v0.1.3
[INFO] [stderr]     Checking opaque-debug v0.2.3
[INFO] [stderr]     Checking fake-simd v0.1.2
[INFO] [stderr]     Checking unreachable v1.0.0
[INFO] [stderr]    Compiling proc-macro-error-attr v1.0.4
[INFO] [stderr]    Compiling proc-macro-error v1.0.4
[INFO] [stderr]     Checking lock_api v0.3.4
[INFO] [stderr]    Compiling futures-channel v0.3.5
[INFO] [stderr]    Compiling futures-task v0.3.5
[INFO] [stderr]    Compiling num-traits v0.2.12
[INFO] [stderr]    Compiling num-integer v0.1.43
[INFO] [stderr]    Compiling crossbeam-utils v0.7.2
[INFO] [stderr]    Compiling memoffset v0.5.5
[INFO] [stderr]    Compiling crossbeam-epoch v0.8.2
[INFO] [stderr]    Compiling rayon v1.4.0
[INFO] [stderr]    Compiling num-iter v0.1.41
[INFO] [stderr]    Compiling num-rational v0.3.0
[INFO] [stderr]    Compiling unicode-bidi v0.3.4
[INFO] [stderr]    Compiling heck v0.3.1
[INFO] [stderr]     Checking miniz_oxide v0.3.7
[INFO] [stderr]     Checking textwrap v0.11.0
[INFO] [stderr]    Compiling unicode-normalization v0.1.13
[INFO] [stderr]     Checking addr2line v0.13.0
[INFO] [stderr]    Compiling x11-dl v2.18.5
[INFO] [stderr]    Compiling alsa-sys v0.1.2
[INFO] [stderr]    Compiling itertools v0.9.0
[INFO] [stderr]     Checking gif v0.10.3
[INFO] [stderr]     Checking block-padding v0.1.5
[INFO] [stderr]    Compiling libc v0.2.77
[INFO] [stderr]    Compiling log v0.4.11
[INFO] [stderr]    Compiling bitflags v1.2.1
[INFO] [stderr]     Checking thread_local v0.3.4
[INFO] [stderr]     Checking idna v0.2.0
[INFO] [stderr]     Checking net2 v0.2.35
[INFO] [stderr]     Checking num_cpus v1.13.0
[INFO] [stderr]     Checking atty v0.2.11
[INFO] [stderr]     Checking time v0.1.44
[INFO] [stderr]     Checking memmap v0.7.0
[INFO] [stderr]     Checking parking_lot_core v0.7.2
[INFO] [stderr]     Checking raw-window-handle v0.3.3
[INFO] [stderr]     Checking shared_library v0.1.9
[INFO] [stderr]     Checking inotify-sys v0.1.3
[INFO] [stderr]     Checking slice-deque v0.3.0
[INFO] [stderr]     Checking filetime v0.2.12
[INFO] [stderr]    Compiling tinyfiledialogs v3.3.10
[INFO] [stderr]    Compiling minimp3-sys v0.3.2
[INFO] [stderr]    Compiling libloading v0.5.2
[INFO] [stderr]     Checking backtrace v0.3.50
[INFO] [stderr]     Checking owned_ttf_parser v0.6.0
[INFO] [stderr]    Compiling gl_generator v0.14.0
[INFO] [stderr]     Checking stb_truetype v0.3.1
[INFO] [stderr]     Checking deflate v0.8.6
[INFO] [stderr]     Checking tiff v0.5.0
[INFO] [stderr]     Checking ogg v0.7.0
[INFO] [stderr]     Checking dlib v0.4.2
[INFO] [stderr]     Checking bytes v0.4.12
[INFO] [stderr]     Checking threadpool v1.8.1
[INFO] [stderr]     Checking clap v2.33.3
[INFO] [stderr]    Compiling quote v0.6.13
[INFO] [stderr]    Compiling quote v1.0.7
[INFO] [stderr]     Checking rand_core v0.5.1
[INFO] [stderr]     Checking osmesa-sys v0.1.2
[INFO] [stderr]     Checking inotify v0.7.1
[INFO] [stderr]     Checking mio v0.6.22
[INFO] [stderr]     Checking url v2.1.1
[INFO] [stderr]     Checking parking_lot v0.10.2
[INFO] [stderr]     Checking wayland-sys v0.23.6
[INFO] [stderr]     Checking lewton v0.10.1
[INFO] [stderr]     Checking png v0.16.7
[INFO] [stderr]     Checking generic-array v0.12.3
[INFO] [stderr]    Compiling wayland-scanner v0.23.6
[INFO] [stderr]     Checking crossbeam-channel v0.4.4
[INFO] [stderr]     Checking rand_chacha v0.2.2
[INFO] [stderr]     Checking approx v0.3.2
[INFO] [stderr]     Checking ordered-float v1.1.0
[INFO] [stderr]     Checking line_drawing v0.7.0
[INFO] [stderr]     Checking mio-extras v2.0.6
[INFO] [stderr]    Compiling glutin_glx_sys v0.1.7
[INFO] [stderr]    Compiling glutin_egl_sys v0.1.5
[INFO] [stderr]    Compiling gl v0.14.0
[INFO] [stderr]     Checking block-buffer v0.7.3
[INFO] [stderr]     Checking digest v0.8.1
[INFO] [stderr]     Checking crossbeam-deque v0.7.3
[INFO] [stderr]     Checking rand v0.7.3
[INFO] [stderr]     Checking rusttype v0.8.3
[INFO] [stderr]     Checking chrono v0.4.15
[INFO] [stderr]     Checking minimp3 v0.3.5
[INFO] [stderr]     Checking notify v4.0.15
[INFO] [stderr]     Checking sha-1 v0.8.2
[INFO] [stderr]     Checking rusttype v0.9.2
[INFO] [stderr]     Checking rusttype v0.7.9
[INFO] [stderr]     Checking andrew v0.2.1
[INFO] [stderr]     Checking ws v0.9.1
[INFO] [stderr]     Checking calloop v0.4.4
[INFO] [stderr]     Checking wayland-commons v0.23.6
[INFO] [stderr]     Checking stderrlog v0.4.3
[INFO] [stderr]    Compiling wayland-client v0.23.6
[INFO] [stderr]    Compiling wayland-protocols v0.23.6
[INFO] [stderr]     Checking jpeg-decoder v0.1.20
[INFO] [stderr]     Checking image v0.23.9
[INFO] [stderr]     Checking ugli-raw v0.5.0-alpha.0
[INFO] [stderr]    Compiling futures-macro v0.3.5
[INFO] [stderr]    Compiling thiserror-impl v1.0.20
[INFO] [stderr]    Compiling structopt-derive v0.4.10
[INFO] [stderr]    Compiling trans-derive v0.3.0-alpha.2
[INFO] [stderr]    Compiling batbox-derive v0.5.0-alpha.0
[INFO] [stderr]    Compiling async-trait v0.1.40
[INFO] [stderr]    Compiling derivative v2.1.1
[INFO] [stderr]    Compiling trans v0.3.0-alpha.2
[INFO] [stderr]     Checking smithay-client-toolkit v0.6.6
[INFO] [stderr]    Compiling thiserror v1.0.20
[INFO] [stderr]    Compiling structopt v0.3.17
[INFO] [stderr]     Checking rodio v0.11.0
[INFO] [stderr]    Compiling pin-project v0.4.23
[INFO] [stderr]    Compiling futures-util v0.3.5
[INFO] [stderr]     Checking winit v0.22.2
[INFO] [stderr]     Checking glutin v0.24.1
[INFO] [stderr]     Checking futures-executor v0.3.5
[INFO] [stderr]     Checking futures v0.3.5
[INFO] [stderr]     Checking bincode v1.3.1
[INFO] [stderr]     Checking ron v0.6.2
[INFO] [stderr]    Compiling toml v0.5.6
[INFO] [stderr]     Checking batbox v0.5.0-alpha.5
[INFO] [stderr]    Compiling proc-macro-crate v0.1.5
[INFO] [stderr]    Compiling num_enum_derive v0.5.1
[INFO] [stderr]    Compiling ugli-derive v0.5.0-alpha.0
[INFO] [stderr]    Compiling geng-derive v0.6.0-alpha.3
[INFO] [stderr]    Compiling geng-ui-derive v0.6.0-alpha.0
[INFO] [stderr]     Checking num_enum v0.5.1
[INFO] [stderr]     Checking ugli v0.5.0-alpha.1
[INFO] [stderr]     Checking geng-core v0.6.0-alpha.5
[INFO] [stderr]     Checking geng-ui v0.6.0-alpha.2
[INFO] [stderr]     Checking geng-net v0.6.0-alpha.0
[INFO] [stderr]     Checking geng-debug_overlay v0.6.0-alpha.1
[INFO] [stderr]     Checking geng v0.6.0-alpha.0
[INFO] [stderr]     Checking codegame v0.7.0-alpha.9 (/opt/rustwide/workdir)
[INFO] [stdout] error[E0425]: cannot find function `text` in crate `ui`
[INFO] [stdout]   --> src/app/config_screen/player/empty.rs:38:22
[INFO] [stdout]    |
[INFO] [stdout] 38 |         let ui = ui::text(
[INFO] [stdout]    |                      ^^^^ not found in `ui`
[INFO] [stdout] 
[INFO] [stdout] 
[INFO] [stdout] error[E0425]: cannot find function `text` in crate `ui`
[INFO] [stdout]   --> src/app/config_screen/player/tcp.rs:61:17
[INFO] [stdout]    |
[INFO] [stdout] 61 |             ui::text(
[INFO] [stdout]    |                 ^^^^ not found in `ui`
[INFO] [stdout] 
[INFO] [stdout] 
[INFO] [stdout] error[E0425]: cannot find function `text` in crate `ui`
[INFO] [stdout]   --> src/app/config_screen/player/tcp.rs:93:17
[INFO] [stdout]    |
[INFO] [stdout] 93 |             ui::text(status_text, &self.theme.font, 16.0, status_color).align(vec2(0.5, 1.0));
[INFO] [stdout]    |                 ^^^^ not found in `ui`
[INFO] [stdout] 
[INFO] [stdout] 
[INFO] [stdout] error[E0425]: cannot find function `text` in this scope
[INFO] [stdout]    --> src/app/config_screen/mod.rs:100:21
[INFO] [stdout]     |
[INFO] [stdout] 100 |                     text(translate("or"), &self.theme.font, 32.0, Color::GRAY)
[INFO] [stdout]     |                     ^^^^ not found in this scope
[INFO] [stdout] 
[INFO] [stdout] 
[INFO] [stdout] error[E0425]: cannot find function `text` in this scope
[INFO] [stdout]    --> src/app/config_screen/mod.rs:113:22
[INFO] [stdout]     |
[INFO] [stdout] 113 |             Box::new(text(
[INFO] [stdout]     |                      ^^^^ not found in this scope
[INFO] [stdout] 
[INFO] [stdout] 
[INFO] [stdout] error[E0425]: cannot find function `text` in crate `ui`
[INFO] [stdout]    --> src/app/config_screen/mod.rs:130:29
[INFO] [stdout]     |
[INFO] [stdout] 130 |                         ui::text(
[INFO] [stdout]     |                             ^^^^ not found in `ui`
[INFO] [stdout] 
[INFO] [stdout] 
[INFO] [stdout] error[E0425]: cannot find function `text` in this scope
[INFO] [stdout]    --> src/app/config_screen/mod.rs:153:13
[INFO] [stdout]     |
[INFO] [stdout] 153 |             text(
[INFO] [stdout]     |             ^^^^ not found in this scope
[INFO] [stdout] 
[INFO] [stdout] 
[INFO] [stdout] error[E0425]: cannot find function `text` in this scope
[INFO] [stdout]    --> src/app/config_screen/mod.rs:167:17
[INFO] [stdout]     |
[INFO] [stdout] 167 |                 text(
[INFO] [stdout]     |                 ^^^^ not found in this scope
[INFO] [stdout] 
[INFO] [stdout] 
[INFO] [stdout] error[E0425]: cannot find function `text` in this scope
[INFO] [stdout]   --> src/app/game_screen/ui/timeline.rs:24:13
[INFO] [stdout]    |
[INFO] [stdout] 24 |             text(
[INFO] [stdout]    |             ^^^^ not found in this scope
[INFO] [stdout] 
[INFO] [stdout] 
[INFO] [stdout] error[E0425]: cannot find function `text` in this scope
[INFO] [stdout]   --> src/app/game_screen/ui/timeline.rs:31:13
[INFO] [stdout]    |
[INFO] [stdout] 31 |             text(
[INFO] [stdout]    |             ^^^^ not found in this scope
[INFO] [stdout] 
[INFO] [stdout] 
[INFO] [stdout] error[E0425]: cannot find function `text` in this scope
[INFO] [stdout]   --> src/app/game_screen/ui/view_speed.rs:69:25
[INFO] [stdout]    |
[INFO] [stdout] 69 |                         text(
[INFO] [stdout]    |                         ^^^^ help: you might have meant to use the available field: `self.text`
[INFO] [stdout] 
[INFO] [stdout] 
[INFO] [stdout] error[E0425]: cannot find function `text` in this scope
[INFO] [stdout]   --> src/app/game_screen/ui/view_speed.rs:79:21
[INFO] [stdout]    |
[INFO] [stdout] 79 |                     text(
[INFO] [stdout]    |                     ^^^^ help: you might have meant to use the available field: `self.text`
[INFO] [stdout] 
[INFO] [stdout] 
[INFO] [stdout] error[E0425]: cannot find function `control_panel` in crate `ui`
[INFO] [stdout]   --> src/app/game_screen/ui/view_speed.rs:92:17
[INFO] [stdout]    |
[INFO] [stdout] 92 |             ui::control_panel(&mut self.core),
[INFO] [stdout]    |                 ^^^^^^^^^^^^^ not found in `ui`
[INFO] [stdout] 
[INFO] [stdout] 
[INFO] [stdout] error[E0425]: cannot find function `text` in this scope
[INFO] [stdout]   --> src/app/game_screen/ui/volume.rs:45:25
[INFO] [stdout]    |
[INFO] [stdout] 45 |                         text(
[INFO] [stdout]    |                         ^^^^ not found in this scope
[INFO] [stdout] 
[INFO] [stdout] 
[INFO] [stdout] error[E0425]: cannot find function `text` in this scope
[INFO] [stdout]   --> src/app/game_screen/ui/volume.rs:55:21
[INFO] [stdout]    |
[INFO] [stdout] 55 |                     text(
[INFO] [stdout]    |                     ^^^^ not found in this scope
[INFO] [stdout] 
[INFO] [stdout] 
[INFO] [stdout] error[E0425]: cannot find function `control_panel` in crate `ui`
[INFO] [stdout]   --> src/app/game_screen/ui/volume.rs:68:17
[INFO] [stdout]    |
[INFO] [stdout] 68 |             ui::control_panel(&mut self.core),
[INFO] [stdout]    |                 ^^^^^^^^^^^^^ not found in `ui`
[INFO] [stdout] 
[INFO] [stdout] 
[INFO] [stdout] error[E0425]: cannot find function `text` in crate `ui`
[INFO] [stdout]   --> src/app/config_screen/player/empty.rs:38:22
[INFO] [stdout]    |
[INFO] [stdout] 38 |         let ui = ui::text(
[INFO] [stdout]    |                      ^^^^ not found in `ui`
[INFO] [stdout] 
[INFO] [stdout] 
[INFO] [stdout] error[E0425]: cannot find function `text` in crate `ui`
[INFO] [stdout]   --> src/app/config_screen/player/tcp.rs:61:17
[INFO] [stdout]    |
[INFO] [stdout] 61 |             ui::text(
[INFO] [stdout]    |                 ^^^^ not found in `ui`
[INFO] [stdout] 
[INFO] [stdout] 
[INFO] [stdout] error[E0425]: cannot find function `text` in crate `ui`
[INFO] [stdout]   --> src/app/config_screen/player/tcp.rs:93:17
[INFO] [stdout]    |
[INFO] [stdout] 93 |             ui::text(status_text, &self.theme.font, 16.0, status_color).align(vec2(0.5, 1.0));
[INFO] [stdout]    |                 ^^^^ not found in `ui`
[INFO] [stdout] 
[INFO] [stdout] 
[INFO] [stdout] error[E0425]: cannot find function `text` in this scope
[INFO] [stdout]    --> src/app/config_screen/mod.rs:100:21
[INFO] [stdout]     |
[INFO] [stdout] 100 |                     text(translate("or"), &self.theme.font, 32.0, Color::GRAY)
[INFO] [stdout]     |                     ^^^^ not found in this scope
[INFO] [stdout] 
[INFO] [stdout] 
[INFO] [stdout] error[E0425]: cannot find function `text` in this scope
[INFO] [stdout]    --> src/app/config_screen/mod.rs:113:22
[INFO] [stdout]     |
[INFO] [stdout] 113 |             Box::new(text(
[INFO] [stdout]     |                      ^^^^ not found in this scope
[INFO] [stdout] 
[INFO] [stdout] 
[INFO] [stdout] error[E0425]: cannot find function `text` in crate `ui`
[INFO] [stdout]    --> src/app/config_screen/mod.rs:130:29
[INFO] [stdout]     |
[INFO] [stdout] 130 |                         ui::text(
[INFO] [stdout]     |                             ^^^^ not found in `ui`
[INFO] [stdout] 
[INFO] [stdout] 
[INFO] [stdout] error[E0425]: cannot find function `text` in this scope
[INFO] [stdout]    --> src/app/config_screen/mod.rs:153:13
[INFO] [stdout]     |
[INFO] [stdout] 153 |             text(
[INFO] [stdout]     |             ^^^^ not found in this scope
[INFO] [stdout] 
[INFO] [stdout] 
[INFO] [stdout] error[E0425]: cannot find function `text` in this scope
[INFO] [stdout]    --> src/app/config_screen/mod.rs:167:17
[INFO] [stdout]     |
[INFO] [stdout] 167 |                 text(
[INFO] [stdout]     |                 ^^^^ not found in this scope
[INFO] [stdout] 
[INFO] [stdout] 
[INFO] [stdout] error[E0425]: cannot find function `text` in this scope
[INFO] [stdout]   --> src/app/game_screen/ui/timeline.rs:24:13
[INFO] [stdout]    |
[INFO] [stdout] 24 |             text(
[INFO] [stdout]    |             ^^^^ not found in this scope
[INFO] [stdout] 
[INFO] [stdout] 
[INFO] [stdout] error[E0425]: cannot find function `text` in this scope
[INFO] [stdout]   --> src/app/game_screen/ui/timeline.rs:31:13
[INFO] [stdout]    |
[INFO] [stdout] 31 |             text(
[INFO] [stdout]    |             ^^^^ not found in this scope
[INFO] [stdout] 
[INFO] [stdout] 
[INFO] [stdout] error[E0425]: cannot find function `text` in this scope
[INFO] [stdout]   --> src/app/game_screen/ui/view_speed.rs:69:25
[INFO] [stdout]    |
[INFO] [stdout] 69 |                         text(
[INFO] [stdout]    |                         ^^^^ help: you might have meant to use the available field: `self.text`
[INFO] [stdout] 
[INFO] [stdout] 
[INFO] [stdout] error[E0425]: cannot find function `text` in this scope
[INFO] [stdout]   --> src/app/game_screen/ui/view_speed.rs:79:21
[INFO] [stdout]    |
[INFO] [stdout] 79 |                     text(
[INFO] [stdout]    |                     ^^^^ help: you might have meant to use the available field: `self.text`
[INFO] [stdout] 
[INFO] [stdout] 
[INFO] [stdout] error[E0425]: cannot find function `control_panel` in crate `ui`
[INFO] [stdout]   --> src/app/game_screen/ui/view_speed.rs:92:17
[INFO] [stdout]    |
[INFO] [stdout] 92 |             ui::control_panel(&mut self.core),
[INFO] [stdout]    |                 ^^^^^^^^^^^^^ not found in `ui`
[INFO] [stdout] 
[INFO] [stdout] 
[INFO] [stdout] error[E0425]: cannot find function `text` in this scope
[INFO] [stdout]   --> src/app/game_screen/ui/volume.rs:45:25
[INFO] [stdout]    |
[INFO] [stdout] 45 |                         text(
[INFO] [stdout]    |                         ^^^^ not found in this scope
[INFO] [stdout] 
[INFO] [stdout] 
[INFO] [stdout] error[E0425]: cannot find function `text` in this scope
[INFO] [stdout]   --> src/app/game_screen/ui/volume.rs:55:21
[INFO] [stdout]    |
[INFO] [stdout] 55 |                     text(
[INFO] [stdout]    |                     ^^^^ not found in this scope
[INFO] [stdout] 
[INFO] [stdout] 
[INFO] [stdout] error[E0425]: cannot find function `control_panel` in crate `ui`
[INFO] [stdout]   --> src/app/game_screen/ui/volume.rs:68:17
[INFO] [stdout]    |
[INFO] [stdout] 68 |             ui::control_panel(&mut self.core),
[INFO] [stdout]    |                 ^^^^^^^^^^^^^ not found in `ui`
[INFO] [stdout] 
[INFO] [stdout] 
[INFO] [stdout] error[E0609]: no field `color` on type `batbox::Rc<Theme>`
[INFO] [stdout]   --> src/app/game_screen/ui/view_speed.rs:73:40
[INFO] [stdout]    |
[INFO] [stdout] 73 | ...                   self.theme.color,
[INFO] [stdout]    |                                  ^^^^^ unknown field
[INFO] [stdout] 
[INFO] [stdout] 
[INFO] [stdout] error[E0609]: no field `color` on type `batbox::Rc<Theme>`
[INFO] [stdout]   --> src/app/game_screen/ui/view_speed.rs:86:40
[INFO] [stdout]    |
[INFO] [stdout] 86 | ...                   self.theme.color
[INFO] [stdout]    |                                  ^^^^^ unknown field
[INFO] [stdout] 
[INFO] [stdout] 
[INFO] [stdout] error[E0609]: no field `color` on type `batbox::Rc<Theme>`
[INFO] [stdout]   --> src/app/game_screen/ui/view_speed.rs:73:40
[INFO] [stdout]    |
[INFO] [stdout] 73 | ...                   self.theme.color,
[INFO] [stdout]    |                                  ^^^^^ unknown field
[INFO] [stdout] 
[INFO] [stdout] 
[INFO] [stdout] error[E0609]: no field `color` on type `batbox::Rc<Theme>`
[INFO] [stdout]   --> src/app/game_screen/ui/view_speed.rs:86:40
[INFO] [stdout]    |
[INFO] [stdout] 86 | ...                   self.theme.color
[INFO] [stdout]    |                                  ^^^^^ unknown field
[INFO] [stdout] 
[INFO] [stdout] 
[INFO] [stdout] error[E0609]: no field `color` on type `batbox::Rc<Theme>`
[INFO] [stdout]   --> src/app/game_screen/ui/volume.rs:49:40
[INFO] [stdout]    |
[INFO] [stdout] 49 | ...                   self.theme.color,
[INFO] [stdout]    |                                  ^^^^^ unknown field
[INFO] [stdout] 
[INFO] [stdout] 
[INFO] [stdout] error[E0609]: no field `color` on type `batbox::Rc<Theme>`
[INFO] [stdout]   --> src/app/game_screen/ui/volume.rs:62:40
[INFO] [stdout]    |
[INFO] [stdout] 62 | ...                   self.theme.color
[INFO] [stdout]    |                                  ^^^^^ unknown field
[INFO] [stdout] 
[INFO] [stdout] 
[INFO] [stdout] error[E0609]: no field `color` on type `batbox::Rc<Theme>`
[INFO] [stdout]   --> src/app/game_screen/ui/volume.rs:49:40
[INFO] [stdout]    |
[INFO] [stdout] 49 | ...                   self.theme.color,
[INFO] [stdout]    |                                  ^^^^^ unknown field
[INFO] [stdout] 
[INFO] [stdout] 
[INFO] [stdout] error[E0609]: no field `color` on type `batbox::Rc<Theme>`
[INFO] [stdout]   --> src/app/game_screen/ui/volume.rs:62:40
[INFO] [stdout]    |
[INFO] [stdout] 62 | ...                   self.theme.color
[INFO] [stdout]    |                                  ^^^^^ unknown field
[INFO] [stdout] 
[INFO] [stdout] 
[INFO] [stdout] warning: unused import: `ui`
[INFO] [stdout]   --> src/app/config_screen/player/empty.rs:37:13
[INFO] [stdout]    |
[INFO] [stdout] 37 |         use ui::*;
[INFO] [stdout]    |             ^^
[INFO] [stdout]    |
[INFO] [stdout]    = note: `#[warn(unused_imports)]` on by default
[INFO] [stdout] 
[INFO] [stdout] 
[INFO] [stdout] error: aborting due to 20 previous errors; 1 warning emitted
[INFO] [stdout] 
[INFO] [stdout] 
[INFO] [stdout] Some errors have detailed explanations: E0425, E0609.
[INFO] [stdout] 
[INFO] [stdout] For more information about an error, try `rustc --explain E0425`.
[INFO] [stdout] 
[INFO] [stdout] warning: unused import: `ui`
[INFO] [stdout]   --> src/app/config_screen/player/empty.rs:37:13
[INFO] [stdout]    |
[INFO] [stdout] 37 |         use ui::*;
[INFO] [stdout]    |             ^^
[INFO] [stdout]    |
[INFO] [stdout]    = note: `#[warn(unused_imports)]` on by default
[INFO] [stdout] 
[INFO] [stdout] 
[INFO] [stderr] error: could not compile `codegame`.
[INFO] [stderr] 
[INFO] [stderr] To learn more, run the command again with --verbose.
[INFO] [stderr] warning: build failed, waiting for other jobs to finish...
[INFO] [stdout] error: aborting due to 20 previous errors; 1 warning emitted
[INFO] [stdout] 
[INFO] [stdout] 
[INFO] [stdout] Some errors have detailed explanations: E0425, E0609.
[INFO] [stdout] 
[INFO] [stdout] For more information about an error, try `rustc --explain E0425`.
[INFO] [stdout] 
[INFO] [stderr] error: build failed
[INFO] running `Command { std: "docker" "inspect" "ab31161f49350c585a0a9f0d45b83aebf3de9e0a566128c999f2864baf268439", kill_on_drop: false }`
[INFO] running `Command { std: "docker" "rm" "-f" "ab31161f49350c585a0a9f0d45b83aebf3de9e0a566128c999f2864baf268439", kill_on_drop: false }`
[INFO] [stdout] ab31161f49350c585a0a9f0d45b83aebf3de9e0a566128c999f2864baf268439
